/21. Is r/14 + 10/35 prime?
False
Let l = -11 + 5. Let j(u) = u**2 - 7*u - 8. Let p be j(l). Suppose -3*n = -8 - p. Is n composite?
True
Let n(x) = -x**2 + 3*x + 2. Let l be n(4). Let g(v) = -v. Let a be g(l). Suppose -3*q = 3*y - 624, -2*y + y = a*q - 207. Is y a composite number?
True
Let i(s) = 2*s**3 - 2*s**2 - 2*s - 1. Let b be i(-1). Is 11 + (0 + b - -1) a prime number?
False
Let p(u) = u**2 - 11*u + 9. Let y be p(8). Let l = y + 28. Suppose -d + 10 = -l. Is d a composite number?
False
Let m = 3 + 1. Suppose m*j + 19 = 583. Is j*(1/(-3))/(-1) a prime number?
True
Suppose -8 = -2*r - 2, -z - 5*r = -1481. Let a = 1020 - z. Is (a/3)/(12/(-18)) a prime number?
True
Let g(s) be the first derivative of -s**7/840 - s**6/72 + s**5/30 - 5*s**4/24 - s**3 + 2. Let p(b) be the third derivative of g(b). Is p(-6) prime?
True
Let h(i) = i**3 + 15*i**2 - i - 12. Let p be h(-15). Suppose -p*n = 3*f - 258, -3*n + 6*n - 9 = 0. Is f a prime number?
True
Suppose -100 = -j - 3*j. Suppose 0 = 3*s - 5*h - 19, -4*s - 3*h = -3*s - j. Is s a prime number?
True
Suppose 2*b + 2*r = 76, 5*b - 163 = -2*r + 18. Is b composite?
True
Let r(m) be the first derivative of -m**2/2 - 1. Let w be r(-5). Suppose 2 = -4*d - h + 12, -d = -w*h - 13. Is d prime?
True
Suppose 5 = 4*g - 15. Suppose g*t = 6*t - 709. Is t a composite number?
False
Suppose 0*p = -p + 270. Let h = 461 - p. Is h composite?
False
Suppose -426 - 94 = -5*m. Let p = -51 + m. Is p a prime number?
True
Suppose 4*f = 2*f + 24. Let o = f + -24. Is 3/o - 615/(-12) prime?
False
Let w(z) = 3*z - 3. Let m be w(2). Let c be (-3)/1 + m - 1. Is (-8)/(0 + c) + -1 a prime number?
True
Let t(o) be the first derivative of o**4/4 - 3*o**3 + 5*o**2 - 13*o - 9. Is t(11) prime?
False
Let w = 15 + -12. Suppose 0 = -c + 3*c. Suppose c = 5*b + 4*o - 69, b + 0*o - 16 = -w*o. Is b prime?
True
Let f(v) be the first derivative of v**3/3 - 13*v + 5. Is f(10) prime?
False
Let b = -242 + 343. Let a = 184 - b. Is a composite?
False
Suppose -4*p = -20, 658 = 5*m - 2*m + 5*p. Is m a prime number?
True
Suppose -3*m = 9, 2*k - 1264 = -0*k - 2*m. Is k a composite number?
True
Suppose -309 = 4*u + 79. Let g = 162 + u. Suppose f - 2*f + g = 0. Is f composite?
True
Suppose -2*t = -4, 4*q + 3*t - 4651 = -q. Is q composite?
False
Suppose -1480 - 37141 = -11*c. Is c prime?
True
Let i(s) = s**3 - s**2 + 7*s + 9. Let m be i(7). Let v = -233 + m. Is v composite?
True
Let b(t) = 115*t - 2. Is b(1) a prime number?
True
Suppose -y + 759 = 2*x, -3*x - 2*y - 3*y + 1128 = 0. Is x a composite number?
True
Is 758/3 - 28/(-21) a composite number?
True
Is (-12)/8*((-1346)/6 - -1) a composite number?
True
Let d(a) = -493*a + 52. Is d(-15) a prime number?
False
Let a(q) = -q**3 - 6*q**2 + 8. Let n be a(-6). Is -1 + n/1*4 prime?
True
Suppose 2*w = 5*r - 25, 0*w + 10 = 2*r + 4*w. Suppose -5*u - 3*c = -r, 0 = 3*u + u - 3*c - 31. Suppose -i = -3*s + 238, 2*i + 312 = u*s + 6*i. Is s composite?
False
Let f = 5 + -7. Let b(q) = -3*q + 1. Is b(f) composite?
False
Let s(k) = k**3 - 3*k**2 - 2*k - 3. Let h be s(4). Let g = h - 6. Is (g/(-3))/((-7)/(-651)) composite?
False
Suppose 2*o + c - 7 = 0, -o - 5*c + 5 = -3. Let i be -4 - -1 - (-56 - o). Let d = i - -39. Is d a composite number?
True
Suppose 4*b = -0*b - 3*g, g = 4*b - 16. Suppose -b*y = -6*y + 4*z + 287, 2*z = -2*y + 168. Is y a composite number?
False
Suppose 3*u - 9 = 3. Suppose 4*y - 312 = -0*y - 4*s, -5*s = u*y - 308. Is y composite?
True
Let c = 1784 + -862. Is c prime?
False
Is (-7)/(-21) - 1144/(-6) a composite number?
False
Let p(t) = -3*t**2 - t + 2. Let g be p(3). Let v = -14 - g. Is v composite?
True
Suppose -3*r + 0*r = 3*p - 5823, -3*p = r - 1949. Is r prime?
False
Is 4 + -3 + 21*32 prime?
True
Let o = 493 + -254. Is o a prime number?
True
Let o(q) = -414*q - 11. Is o(-9) a composite number?
True
Let v be 2/(8/(-197))*-4. Suppose -2*s + 3*s = 1090. Suppose -q + v = 3*z + z, -5*q + s = -z. Is q prime?
False
Let r = 1089 - 736. Is r composite?
False
Is 1 - -3 - -7773 - 4 composite?
True
Let q = 1 - -3. Suppose 3*i = -q*v + 203, -i + 103 = v + v. Is v a composite number?
False
Let b(x) = x - 12. Let z be b(10). Let o be ((-3)/1)/((-3)/z). Let n(r) = 13*r**2 + 1. Is n(o) composite?
False
Let h be -2 + 2/(-2) - -1637. Suppose -y + 0*u = -3*u - 330, 5*y - h = -u. Is y prime?
False
Let g be ((-1)/(-1))/(0 + 1). Let h = g - -1. Suppose -15 = -n - 2*i, 4*n + h*i = -0*n + 84. Is n prime?
True
Is (5 - 5) + 512 + -1 composite?
True
Let z = -2 - -4. Let b = z + 1. Let x = 6 - b. Is x a prime number?
True
Suppose 0 = -2*d - d + 18. Suppose d = -0*w - w. Let q(i) = -2*i**3 - 8*i**2 + 2*i + 1. Is q(w) prime?
False
Let m(x) = -312*x - 1. Is m(-5) a prime number?
True
Let l(u) = 10*u**3 + 3*u**2 - 4*u + 7. Let h be l(5). Suppose 0*o = 3*o - t - 989, 0 = -4*o + 3*t + h. Is o a prime number?
True
Let k = -22 - 308. Let x = 487 + k. Is x prime?
True
Let g = 15 + -22. Let u(y) = y**3 + 6*y**2 - 6*y + 8. Let s be u(g). Is 2 + 11 + (1 - s) a composite number?
False
Is -3 + 5/(25/680) composite?
True
Let t = 654 - 453. Suppose 3*u - 2124 + t = 0. Is u composite?
False
Suppose 2*p - g + 281 = 0, 3*p + g = p - 275. Is p*((-4)/4)/1 composite?
False
Let a(j) = -j**3 - 5*j**2 - 9*j - 2. Is a(-7) a composite number?
True
Let h(w) = -11*w**3 - w - 1. Suppose -3*p - 6 = -5*p. Suppose 0 = p*a - t - 2 + 3, -2*a + 2*t + 2 = 0. Is h(a) composite?
False
Let g(c) = 2*c + 9*c - 1 - 6*c + 33*c. Suppose 0 = -5*d + 3 + 2. Is g(d) prime?
True
Let o = -7 - -9. Is 0*o/6 - -159 a composite number?
True
Let x(y) = 156*y + 17. Is x(2) prime?
False
Let k be -1 - (-10 + 2 - -1). Suppose 243 = 3*o + k. Is o prime?
True
Let w(m) = 8*m**3 - 3*m**2 + 2. Let i = 11 + -8. Is w(i) a composite number?
False
Let l(t) = -32*t + 13. Is l(-7) a prime number?
False
Let w(g) = g**2 + 4*g - 7. Let u be w(-5). Is 4/u + -5 + 54 composite?
False
Suppose 0 = -y - 3*y + f + 2525, 2*f = -2. Is y prime?
True
Let s = -400 + 965. Is s prime?
False
Suppose 3*s - 83 = 16. Let w = 122 - s. Is w prime?
True
Suppose 2*a - 219 = -p, -4*p + 2*a + 414 = -2*p. Is p prime?
True
Let w = -861 + 1622. Is w prime?
True
Let x(n) = 3*n**2 - n. Let m be x(-1). Suppose -5*k + 813 = -m*d, -4*d - d = 5*k - 795. Is k a prime number?
False
Let d(p) = p**3 + 7*p**2 + 6*p. Let r be d(-6). Suppose 50 = 2*g - r*g + 5*w, -5*g - 3*w = -163. Is g a prime number?
False
Suppose -3*l + 5*d = -0*l + 184, -4*l + 3*d - 249 = 0. Let k = l - -221. Is k a prime number?
False
Suppose -4*r + 351 = t, -321 - 25 = -t - 3*r. Is t prime?
True
Let y = 33 + 218. Is y prime?
True
Let v(q) be the first derivative of 4*q**3/3 - q**2 - q + 1. Let z = 4 + -2. Is v(z) a composite number?
False
Let t(c) = 8*c. Let s be t(6). Suppose -4*l + 5 = -2*p - 7, -5*p + 4*l = s. Is (282/p)/(2/(-4)) prime?
True
Let v = -129 - -445. Suppose 6*t - 2*t = v. Is t composite?
False
Let y = -186 + 633. Is y prime?
False
Let t(o) = o + 14. Let d be t(0). Let f(g) = 18*g - 1. Is f(d) prime?
True
Suppose 362 = -4*a + 2614. Is a a composite number?
False
Let a be 45/27 + 2/(-3). Let x(h) = 26*h - 4. Let m be x(3). Is (a - 0)/(2/m) a composite number?
False
Let h(z) = z**3 - 13*z**2 + 15*z - 2. Is h(12) composite?
True
Let i = -2 + 2. Suppose i*j + 59 = j. Is j a composite number?
False
Suppose 0 = 3*f - 0*f + 3474. Is f/(-14) - (-4)/14 composite?
False
Let q = 766 + -317. Is q a prime number?
True
Let l = 301 + -77. Let k = l - 156. Let m = k + -35. Is m a composite number?
True
Let n(t) = -2*t + 4 + 4*t**2 - 5 - 8*t**3 + 10*t**3. Is n(3) composite?
False
Let j be 913/7 + 18/(-42). Suppose 0*a = -5*a + j. Is a composite?
True
Let q be (-30)/4*(-6)/9. Suppose -2*b + q*b = 9. Suppose 542 + 31 = b*v. Is v prime?
True
Let v be ((-9)/(-2))/(3/8). Is (-308)/(-6)*v/8 composite?
True
Suppose -3*a + 7267 = 2*w, 3*w - a = 5981 + 4925. Is w prime?
False
Suppose 14 = -0*q + q. Is 3622/q - (-4)/14 a prime number?
False
Let n(s) = 1 + 2*s - 3*s + 6. Let r be n(6). Is (r*121)/(3 - 2) a composite number?
True
Let h be ((-44)/(-55))/((-2)/(-15)). Suppose -3*t = -6*t. Suppose p - h*p + 335 = t. Is p composite?
False
Let c be (2/6)/((-1)/(-15)). Suppose -3*w + 1225 = -c. Suppose -161 = -2*u + 3*p, 6*p + w = 5*u + p. Is u a prime number?
False
Let o(k) be the third